{"id":251,"date":"2025-03-19T21:47:41","date_gmt":"2025-03-19T21:47:41","guid":{"rendered":"http:\/\/10.10.25.1\/?page_id=251"},"modified":"2026-04-25T10:20:23","modified_gmt":"2026-04-25T16:20:23","slug":"licenciaturas","status":"publish","type":"page","link":"https:\/\/teziutlan.tecnm.mx\/index.php\/licenciaturas\/","title":{"rendered":"Licenciaturas"},"content":{"rendered":"<p>[et_pb_section fb_built=\u00bb1&#8243; _builder_version=\u00bb4.27.4&#8243; _module_preset=\u00bbdefault\u00bb hover_enabled=\u00bb0&#8243; global_colors_info=\u00bb{}\u00bb sticky_enabled=\u00bb0&#8243;][et_pb_row column_structure=\u00bb1_3,1_3,1_3&#8243; _builder_version=\u00bb4.27.6&#8243; _module_preset=\u00bbdefault\u00bb width=\u00bb100%\u00bb width_tablet=\u00bb80%\u00bb width_phone=\u00bb80%\u00bb width_last_edited=\u00bbon|phone\u00bb max_width=\u00bb1333px\u00bb max_width_tablet=\u00bb80%\u00bb max_width_phone=\u00bbnone\u00bb max_width_last_edited=\u00bbon|phone\u00bb custom_padding=\u00bb||149px|||\u00bb hover_enabled=\u00bb0&#8243; global_colors_info=\u00bb{}\u00bb sticky_enabled=\u00bb0&#8243;][et_pb_column type=\u00bb1_3&#8243; _builder_version=\u00bb4.27.4&#8243; _module_preset=\u00bbdefault\u00bb global_colors_info=\u00bb{}\u00bb][et_pb_image src=\u00bbhttps:\/\/teziutlan.tecnm.mx\/wp-content\/uploads\/2026\/01\/Banners_Pagina-Web_2026_IND-scaled.png\u00bb title_text=\u00bbBanners_P\u00e1gina Web_2026_IND\u00bb url=\u00bbhttps:\/\/teziutlan.tecnm.mx\/index.php\/ingenieria-industrial\/\u00bb _builder_version=\u00bb4.27.6&#8243; _module_preset=\u00bbdefault\u00bb animation_style=\u00bbzoom\u00bb hover_enabled=\u00bb0&#8243; custom_css_free_form=\u00bbselector {||  position: relative;||  display: block;||}||||selector::after {||  content: %22%22;||  position: absolute;||  top: 0;||  left: 0;||  width: 100%;||  height: 100%;||  background: #FFFFFF;||  opacity: 0;||  transition: opacity .3s ease;||  pointer-events: none;||}||||selector:hover::after {||  opacity: 0.4;||}||selector img {||  display: block;||}\u00bb global_colors_info=\u00bb{}\u00bb sticky_enabled=\u00bb0&#8243;][\/et_pb_image][et_pb_text _builder_version=\u00bb4.27.4&#8243; _module_preset=\u00bbdefault\u00bb text_font_size=\u00bb12px\u00bb custom_margin=\u00bb-20px||||false|false\u00bb custom_padding=\u00bb||0px|||\u00bb global_colors_info=\u00bb{}\u00bb]<\/p>\n<p>Ingenier\u00edas<\/p>\n<p>[\/et_pb_text][et_pb_text _builder_version=\u00bb4.27.6&#8243; _module_preset=\u00bbdefault\u00bb text_font_size=\u00bb23px\u00bb width=\u00bb100%\u00bb custom_margin=\u00bb-35px||||false|false\u00bb link_option_url=\u00bbhttps:\/\/teziutlan.tecnm.mx\/index.php\/ingenieria-industrial\/\u00bb custom_css_free_form=\u00bbselector {||  transition: color .3s ease;||}||||selector:hover {||  color: #98989A !important;||}\u00bb global_colors_info=\u00bb{}\u00bb]<\/p>\n<p><strong>Ingenier\u00eda Industrial<\/strong><\/p>\n<p>[\/et_pb_text][et_pb_text _builder_version=\u00bb4.27.4&#8243; _module_preset=\u00bbdefault\u00bb custom_margin=\u00bb-30px||||false|false\u00bb link_option_url=\u00bbhttp:\/\/10.10.25.1\/index.php\/ingenieria-industrial\/\u00bb global_colors_info=\u00bb{}\u00bb]<\/p>\n<p>MODALIDAD PRESENCIAL<br \/>IIND-2010-227<\/p>\n<p>[\/et_pb_text][et_pb_image src=\u00bbhttps:\/\/teziutlan.tecnm.mx\/wp-content\/uploads\/2026\/01\/Banners_Pagina-Web_2026_ISC-scaled.png\u00bb title_text=\u00bbBanners_P\u00e1gina Web_2026_ISC\u00bb url=\u00bbhttps:\/\/teziutlan.tecnm.mx\/index.php\/isc\/\u00bb _builder_version=\u00bb4.27.6&#8243; _module_preset=\u00bbdefault\u00bb animation_style=\u00bbzoom\u00bb custom_css_free_form=\u00bbselector {||  position: relative;||  display: block;||}||||selector::after {||  content: %22%22;||  position: absolute;||  top: 0;||  left: 0;||  width: 100%;||  height: 100%;||  background: #FFFFFF;||  opacity: 0;||  transition: opacity .3s ease;||  pointer-events: none;||}||||selector:hover::after {||  opacity: 0.4;||}||selector img {||  display: block;||}\u00bb global_colors_info=\u00bb{}\u00bb][\/et_pb_image][et_pb_text _builder_version=\u00bb4.27.4&#8243; _module_preset=\u00bbdefault\u00bb text_font_size=\u00bb12px\u00bb custom_margin=\u00bb-20px||||false|false\u00bb custom_padding=\u00bb||0px|||\u00bb global_colors_info=\u00bb{}\u00bb]<\/p>\n<p>Ingenier\u00edas<\/p>\n<p>[\/et_pb_text][et_pb_text _builder_version=\u00bb4.27.6&#8243; _module_preset=\u00bbdefault\u00bb text_font_size=\u00bb23px\u00bb custom_margin=\u00bb-35px||||false|false\u00bb custom_padding=\u00bb||0px|||\u00bb link_option_url=\u00bbhttps:\/\/teziutlan.tecnm.mx\/index.php\/isc\/\u00bb custom_css_free_form=\u00bbselector {||  transition: color .3s ease;||}||||selector:hover {||  color: #98989A !important;||}\u00bb global_colors_info=\u00bb{}\u00bb]<\/p>\n<p><strong>Ingenier\u00eda en Sistemas Computacionales<\/strong><\/p>\n<p>[\/et_pb_text][et_pb_text _builder_version=\u00bb4.27.4&#8243; _module_preset=\u00bbdefault\u00bb custom_margin=\u00bb-30px||||false|false\u00bb link_option_url=\u00bbhttps:\/\/teziutlan.tecnm.mx\/index.php\/isc\/\u00bb global_colors_info=\u00bb{}\u00bb]<\/p>\n<p>MODALIDAD PRESENCIAL<br \/>ISIC-2010-224<\/p>\n<p>[\/et_pb_text][et_pb_image src=\u00bbhttps:\/\/teziutlan.tecnm.mx\/wp-content\/uploads\/2026\/01\/Banners_Pagina-Web_2026_IADyEV-scaled.png\u00bb title_text=\u00bbBanners_P\u00e1gina Web_2026_IADyEV\u00bb url=\u00bbhttps:\/\/teziutlan.tecnm.mx\/index.php\/ingenieria-en-animacion-digital\/\u00bb _builder_version=\u00bb4.27.6&#8243; _module_preset=\u00bbdefault\u00bb animation_style=\u00bbzoom\u00bb custom_css_free_form=\u00bbselector {||  position: relative;||  display: block;||}||||selector::after {||  content: %22%22;||  position: absolute;||  top: 0;||  left: 0;||  width: 100%;||  height: 100%;||  background: #FFFFFF;||  opacity: 0;||  transition: opacity .3s ease;||  pointer-events: none;||}||||selector:hover::after {||  opacity: 0.4;||}||selector img {||  display: block;||}\u00bb global_colors_info=\u00bb{}\u00bb][\/et_pb_image][et_pb_text _builder_version=\u00bb4.27.4&#8243; _module_preset=\u00bbdefault\u00bb text_font_size=\u00bb12px\u00bb custom_margin=\u00bb-20px||||false|false\u00bb custom_padding=\u00bb||0px|||\u00bb global_colors_info=\u00bb{}\u00bb]<\/p>\n<p>Ingenier\u00edas<\/p>\n<p>[\/et_pb_text][et_pb_text _builder_version=\u00bb4.27.6&#8243; _module_preset=\u00bbdefault\u00bb text_font_size=\u00bb23px\u00bb custom_margin=\u00bb-35px||||false|false\u00bb link_option_url=\u00bbhttps:\/\/teziutlan.tecnm.mx\/index.php\/ingenieria-en-animacion-digital\/\u00bb custom_css_free_form=\u00bbselector {||  transition: color .3s ease;||}||||selector:hover {||  color: #98989A !important;||}\u00bb global_colors_info=\u00bb{}\u00bb]<\/p>\n<p><strong>Ingenier\u00eda en Animaci\u00f3n Digital y Efectos Visuales<\/strong><\/p>\n<p>[\/et_pb_text][et_pb_text _builder_version=\u00bb4.27.4&#8243; _module_preset=\u00bbdefault\u00bb custom_margin=\u00bb-30px||||false|false\u00bb link_option_url=\u00bbhttps:\/\/teziutlan.tecnm.mx\/index.php\/ingenieria-en-animacion-digital\/\u00bb global_colors_info=\u00bb{}\u00bb]<\/p>\n<p>MODALIDAD PRESENCIAL<br \/>IAEV-2012-238<\/p>\n<p>[\/et_pb_text][\/et_pb_column][et_pb_column type=\u00bb1_3&#8243; _builder_version=\u00bb4.27.4&#8243; _module_preset=\u00bbdefault\u00bb global_colors_info=\u00bb{}\u00bb][et_pb_image src=\u00bbhttps:\/\/teziutlan.tecnm.mx\/wp-content\/uploads\/2026\/01\/Banners_Pagina-Web_2026_IGE-scaled.png\u00bb title_text=\u00bbBanners_P\u00e1gina Web_2026_IGE\u00bb url=\u00bbhttps:\/\/teziutlan.tecnm.mx\/index.php\/ingenieria-en-gestion-empresarial\/\u00bb _builder_version=\u00bb4.27.6&#8243; _module_preset=\u00bbdefault\u00bb animation_style=\u00bbzoom\u00bb custom_css_free_form=\u00bbselector {||  position: relative;||  display: block;||}||||selector::after {||  content: %22%22;||  position: absolute;||  top: 0;||  left: 0;||  width: 100%;||  height: 100%;||  background: #FFFFFF;||  opacity: 0;||  transition: opacity .3s ease;||  pointer-events: none;||}||||selector:hover::after {||  opacity: 0.4;||}||selector img {||  display: block;||}\u00bb global_colors_info=\u00bb{}\u00bb][\/et_pb_image][et_pb_text _builder_version=\u00bb4.27.4&#8243; _module_preset=\u00bbdefault\u00bb text_font_size=\u00bb12px\u00bb custom_margin=\u00bb-20px||||false|false\u00bb custom_padding=\u00bb||0px|||\u00bb global_colors_info=\u00bb{}\u00bb]<\/p>\n<p>Ingenier\u00edas<\/p>\n<p>[\/et_pb_text][et_pb_text _builder_version=\u00bb4.27.6&#8243; _module_preset=\u00bbdefault\u00bb text_font_size=\u00bb23px\u00bb custom_margin=\u00bb-35px||||false|false\u00bb link_option_url=\u00bbhttps:\/\/teziutlan.tecnm.mx\/index.php\/ingenieria-en-gestion-empresarial\/\u00bb custom_css_free_form=\u00bbselector {||  transition: color .3s ease;||}||||selector:hover {||  color: #98989A !important;||}\u00bb global_colors_info=\u00bb{}\u00bb]<\/p>\n<p><strong>Ingenier\u00eda en Gesti\u00f3n Empresarial<\/strong><\/p>\n<p>[\/et_pb_text][et_pb_text _builder_version=\u00bb4.27.4&#8243; _module_preset=\u00bbdefault\u00bb custom_margin=\u00bb-30px||||false|false\u00bb link_option_url=\u00bbhttps:\/\/teziutlan.tecnm.mx\/index.php\/ingenieria-en-gestion-empresarial\/\u00bb global_colors_info=\u00bb{}\u00bb]<\/p>\n<p>MODALIDAD PRESENCIAL<br \/>IGEM-2009-201<\/p>\n<p>[\/et_pb_text][et_pb_image src=\u00bbhttps:\/\/teziutlan.tecnm.mx\/wp-content\/uploads\/2026\/01\/Banners_Pagina-Web_2026_IMT-scaled.png\u00bb title_text=\u00bbBanners_P\u00e1gina Web_2026_IMT\u00bb url=\u00bbhttps:\/\/teziutlan.tecnm.mx\/index.php\/ingenieria-mecatronica\/\u00bb _builder_version=\u00bb4.27.6&#8243; _module_preset=\u00bbdefault\u00bb custom_margin=\u00bb0px||||false|false\u00bb animation_style=\u00bbzoom\u00bb custom_css_free_form=\u00bbselector {||  position: relative;||  display: block;||}||||selector::after {||  content: %22%22;||  position: absolute;||  top: 0;||  left: 0;||  width: 100%;||  height: 100%;||  background: #FFFFFF;||  opacity: 0;||  transition: opacity .3s ease;||  pointer-events: none;||}||||selector:hover::after {||  opacity: 0.4;||}||selector img {||  display: block;||}\u00bb global_colors_info=\u00bb{}\u00bb][\/et_pb_image][et_pb_text _builder_version=\u00bb4.27.4&#8243; _module_preset=\u00bbdefault\u00bb text_font_size=\u00bb12px\u00bb custom_margin=\u00bb-20px||||false|false\u00bb custom_padding=\u00bb||0px|||\u00bb global_colors_info=\u00bb{}\u00bb]<\/p>\n<p>Ingenier\u00edas<\/p>\n<p>[\/et_pb_text][et_pb_text _builder_version=\u00bb4.27.6&#8243; _module_preset=\u00bbdefault\u00bb text_font_size=\u00bb23px\u00bb custom_margin=\u00bb-35px||||false|false\u00bb link_option_url=\u00bbhttps:\/\/teziutlan.tecnm.mx\/index.php\/ingenieria-mecatronica\/\u00bb custom_css_free_form=\u00bbselector {||  transition: color .3s ease;||}||||selector:hover {||  color: #98989A !important;||}\u00bb global_colors_info=\u00bb{}\u00bb]<\/p>\n<p><strong>Ingenier\u00eda Mecatr\u00f3nica<\/strong><\/p>\n<p>[\/et_pb_text][et_pb_text _builder_version=\u00bb4.27.4&#8243; _module_preset=\u00bbdefault\u00bb custom_margin=\u00bb-30px||||false|false\u00bb link_option_url=\u00bbhttps:\/\/teziutlan.tecnm.mx\/index.php\/ingenieria-mecatronica\/\u00bb global_colors_info=\u00bb{}\u00bb]<\/p>\n<p>MODALIDAD PRESENCIAL<br \/>IMCT-2010-229<\/p>\n<p>[\/et_pb_text][et_pb_image src=\u00bbhttps:\/\/teziutlan.tecnm.mx\/wp-content\/uploads\/2026\/01\/Banners_Pagina-Web_2026_LT-scaled.png\u00bb title_text=\u00bbBanners_P\u00e1gina Web_2026_LT\u00bb url=\u00bbhttps:\/\/teziutlan.tecnm.mx\/index.php\/licenciatura-turismo\/\u00bb _builder_version=\u00bb4.27.6&#8243; _module_preset=\u00bbdefault\u00bb custom_margin=\u00bb60px||||false|false\u00bb custom_margin_tablet=\u00bb60px||||false|false\u00bb custom_margin_phone=\u00bb60px||||false|false\u00bb custom_margin_last_edited=\u00bbon|desktop\u00bb animation_style=\u00bbzoom\u00bb custom_css_free_form=\u00bbselector {||  position: relative;||  display: block;||}||||selector::after {||  content: %22%22;||  position: absolute;||  top: 0;||  left: 0;||  width: 100%;||  height: 100%;||  background: #FFFFFF;||  opacity: 0;||  transition: opacity .3s ease;||  pointer-events: none;||}||||selector:hover::after {||  opacity: 0.4;||}||selector img {||  display: block;||}\u00bb global_colors_info=\u00bb{}\u00bb][\/et_pb_image][et_pb_text _builder_version=\u00bb4.27.4&#8243; _module_preset=\u00bbdefault\u00bb text_font_size=\u00bb12px\u00bb custom_margin=\u00bb-20px||||false|false\u00bb custom_padding=\u00bb||0px|||\u00bb global_colors_info=\u00bb{}\u00bb]<\/p>\n<p>Ingenier\u00edas<\/p>\n<p>[\/et_pb_text][et_pb_text _builder_version=\u00bb4.27.6&#8243; _module_preset=\u00bbdefault\u00bb text_font=\u00bb|700|||||||\u00bb text_font_size=\u00bb23px\u00bb header_text_align=\u00bbleft\u00bb custom_margin=\u00bb-35px||||false|false\u00bb link_option_url=\u00bbhttps:\/\/teziutlan.tecnm.mx\/index.php\/licenciatura-turismo\/\u00bb custom_css_free_form=\u00bbselector {||  transition: color .3s ease;||}||||selector:hover {||  color: #98989A !important;||}\u00bb global_colors_info=\u00bb{}\u00bb]<\/p>\n<p>Licenciatura en Turismo<\/p>\n<p>[\/et_pb_text][et_pb_text _builder_version=\u00bb4.27.4&#8243; _module_preset=\u00bbdefault\u00bb custom_margin=\u00bb-30px||||false|false\u00bb link_option_url=\u00bbhttps:\/\/teziutlan.tecnm.mx\/index.php\/ingenieria-en-animacion-digital\/\u00bb global_colors_info=\u00bb{}\u00bb]<\/p>\n<p>MODALIDAD PRESENCIAL<br \/><span>LTUR-2012-237<\/span><\/p>\n<p>[\/et_pb_text][\/et_pb_column][et_pb_column type=\u00bb1_3&#8243; _builder_version=\u00bb4.27.4&#8243; _module_preset=\u00bbdefault\u00bb global_colors_info=\u00bb{}\u00bb][et_pb_image src=\u00bbhttps:\/\/teziutlan.tecnm.mx\/wp-content\/uploads\/2026\/01\/Banners_Pagina-Web_2026_INF-scaled.png\u00bb title_text=\u00bbBanners_P\u00e1gina Web_2026_INF\u00bb url=\u00bbhttps:\/\/teziutlan.tecnm.mx\/index.php\/ingenieria-informatica\/\u00bb _builder_version=\u00bb4.27.6&#8243; _module_preset=\u00bbdefault\u00bb animation_style=\u00bbzoom\u00bb custom_css_free_form=\u00bbselector {||  position: relative;||  display: block;||}||||selector::after {||  content: %22%22;||  position: absolute;||  top: 0;||  left: 0;||  width: 100%;||  height: 100%;||  background: #FFFFFF;||  opacity: 0;||  transition: opacity .3s ease;||  pointer-events: none;||}||||selector:hover::after {||  opacity: 0.4;||}||selector img {||  display: block;||}\u00bb global_colors_info=\u00bb{}\u00bb][\/et_pb_image][et_pb_text _builder_version=\u00bb4.27.4&#8243; _module_preset=\u00bbdefault\u00bb text_font_size=\u00bb12px\u00bb custom_margin=\u00bb-20px||||false|false\u00bb custom_padding=\u00bb||0px|||\u00bb global_colors_info=\u00bb{}\u00bb]<\/p>\n<p>Ingenier\u00edas<\/p>\n<p>[\/et_pb_text][et_pb_text _builder_version=\u00bb4.27.6&#8243; _module_preset=\u00bbdefault\u00bb text_font_size=\u00bb23px\u00bb custom_margin=\u00bb-35px||||false|false\u00bb link_option_url=\u00bbhttps:\/\/teziutlan.tecnm.mx\/index.php\/ingenieria-informatica\/\u00bb custom_css_free_form=\u00bbselector {||  transition: color .3s ease;||}||||selector:hover {||  color: #98989A !important;||}\u00bb global_colors_info=\u00bb{}\u00bb]<\/p>\n<p><strong>Ingenier\u00eda Inform\u00e1tica<\/strong><\/p>\n<p>[\/et_pb_text][et_pb_text _builder_version=\u00bb4.27.4&#8243; _module_preset=\u00bbdefault\u00bb custom_margin=\u00bb-30px||||false|false\u00bb link_option_url=\u00bbhttps:\/\/teziutlan.tecnm.mx\/index.php\/ingenieria-informatica\/\u00bb global_colors_info=\u00bb{}\u00bb]<\/p>\n<p>MODALIDAD PRESENCIAL<br \/>IINF-2010-220<\/p>\n<p>[\/et_pb_text][et_pb_image src=\u00bbhttps:\/\/teziutlan.tecnm.mx\/wp-content\/uploads\/2026\/01\/Banners_Pagina-Web_2026_IIA-scaled.png\u00bb title_text=\u00bbBanners_P\u00e1gina Web_2026_IIA\u00bb url=\u00bbhttps:\/\/teziutlan.tecnm.mx\/index.php\/ingenieria-en-industrias-alimentarias\/\u00bb _builder_version=\u00bb4.27.6&#8243; _module_preset=\u00bbdefault\u00bb animation_style=\u00bbzoom\u00bb custom_css_free_form=\u00bbselector {||  position: relative;||  display: block;||}||||selector::after {||  content: %22%22;||  position: absolute;||  top: 0;||  left: 0;||  width: 100%;||  height: 100%;||  background: #FFFFFF;||  opacity: 0;||  transition: opacity .3s ease;||  pointer-events: none;||}||||selector:hover::after {||  opacity: 0.4;||}||selector img {||  display: block;||}\u00bb global_colors_info=\u00bb{}\u00bb][\/et_pb_image][et_pb_text _builder_version=\u00bb4.27.4&#8243; _module_preset=\u00bbdefault\u00bb text_font_size=\u00bb12px\u00bb custom_margin=\u00bb-20px||||false|false\u00bb custom_padding=\u00bb||0px|||\u00bb global_colors_info=\u00bb{}\u00bb]<\/p>\n<p>Ingenier\u00edas<\/p>\n<p>[\/et_pb_text][et_pb_text _builder_version=\u00bb4.27.6&#8243; _module_preset=\u00bbdefault\u00bb text_font_size=\u00bb23px\u00bb custom_margin=\u00bb-35px||||false|false\u00bb link_option_url=\u00bbhttps:\/\/teziutlan.tecnm.mx\/index.php\/ingenieria-en-industrias-alimentarias\/\u00bb custom_css_free_form=\u00bbselector {||  transition: color .3s ease;||}||||selector:hover {||  color: #98989A !important;||}\u00bb global_colors_info=\u00bb{}\u00bb]<\/p>\n<p><strong>Ingenier\u00eda en Industrias Alimentarias<\/strong><\/p>\n<p>[\/et_pb_text][et_pb_text _builder_version=\u00bb4.27.4&#8243; _module_preset=\u00bbdefault\u00bb custom_margin=\u00bb-30px||||false|false\u00bb link_option_url=\u00bbhttps:\/\/teziutlan.tecnm.mx\/index.php\/ingenieria-en-industrias-alimentarias\/\u00bb global_colors_info=\u00bb{}\u00bb]<\/p>\n<p>MODALIDAD PRESENCIAL<br \/>IIAL-2010-219<\/p>\n<p>[\/et_pb_text][et_pb_image src=\u00bbhttps:\/\/teziutlan.tecnm.mx\/wp-content\/uploads\/2026\/04\/contador_publico_principal.jpeg\u00bb title_text=\u00bbcontador_publico_principal\u00bb url=\u00bbhttps:\/\/teziutlan.tecnm.mx\/index.php\/contador-publico\/\u00bb _builder_version=\u00bb4.27.6&#8243; _module_preset=\u00bbdefault\u00bb animation_style=\u00bbzoom\u00bb hover_enabled=\u00bb0&#8243; custom_css_free_form=\u00bbselector {||  position: relative;||  display: block;||}||||selector::after {||  content: %22%22;||  position: absolute;||  top: 0;||  left: 0;||  width: 100%;||  height: 100%;||  background: #FFFFFF;||  opacity: 0;||  transition: opacity .3s ease;||  pointer-events: none;||}||||selector:hover::after {||  opacity: 0.4;||}||selector img {||  display: block;||}\u00bb global_colors_info=\u00bb{}\u00bb sticky_enabled=\u00bb0&#8243;][\/et_pb_image][et_pb_text _builder_version=\u00bb4.27.4&#8243; _module_preset=\u00bbdefault\u00bb text_font_size=\u00bb12px\u00bb custom_margin=\u00bb-20px||||false|false\u00bb custom_padding=\u00bb||0px|||\u00bb global_colors_info=\u00bb{}\u00bb]<\/p>\n<p>Ingenier\u00edas<\/p>\n<p>[\/et_pb_text][et_pb_text _builder_version=\u00bb4.27.6&#8243; _module_preset=\u00bbdefault\u00bb text_font_size=\u00bb23px\u00bb custom_margin=\u00bb-35px||||false|false\u00bb link_option_url=\u00bbhttps:\/\/teziutlan.tecnm.mx\/index.php\/contador-publico\/\u00bb custom_css_free_form=\u00bbselector {||  transition: color .3s ease;||}||||selector:hover {||  color: #98989A !important;||}\u00bb global_colors_info=\u00bb{}\u00bb]<\/p>\n<p><strong>Contador P\u00fablico<\/strong><\/p>\n<p>[\/et_pb_text][et_pb_text _builder_version=\u00bb4.27.6&#8243; _module_preset=\u00bbdefault\u00bb custom_margin=\u00bb-30px||||false|false\u00bb link_option_url=\u00bbhttps:\/\/teziutlan.tecnm.mx\/index.php\/contador-publico\/\u00bb global_colors_info=\u00bb{}\u00bb]<\/p>\n<p>MODALIDAD PRESENCIAL<br \/>COPU-2010-205<\/p>\n<p>[\/et_pb_text][\/et_pb_column][\/et_pb_row][\/et_pb_section]<\/p>\n","protected":false},"excerpt":{"rendered":"<p>Ingenier\u00edasIngenier\u00eda IndustrialMODALIDAD PRESENCIALIIND-2010-227Ingenier\u00edasIngenier\u00eda en Sistemas ComputacionalesMODALIDAD PRESENCIALISIC-2010-224Ingenier\u00edasIngenier\u00eda en Animaci\u00f3n Digital y Efectos VisualesMODALIDAD PRESENCIALIAEV-2012-238Ingenier\u00edasIngenier\u00eda en Gesti\u00f3n EmpresarialMODALIDAD PRESENCIALIGEM-2009-201Ingenier\u00edasIngenier\u00eda Mecatr\u00f3nicaMODALIDAD PRESENCIALIMCT-2010-229Ingenier\u00edasLicenciatura en TurismoMODALIDAD PRESENCIALLTUR-2012-237Ingenier\u00edasIngenier\u00eda Inform\u00e1ticaMODALIDAD PRESENCIALIINF-2010-220Ingenier\u00edasIngenier\u00eda en Industrias AlimentariasMODALIDAD PRESENCIALIIAL-2010-219Ingenier\u00edasContador P\u00fablicoMODALIDAD PRESENCIALCOPU-2010-205<\/p>\n","protected":false},"author":1,"featured_media":0,"parent":0,"menu_order":0,"comment_status":"closed","ping_status":"closed","template":"","meta":{"_et_pb_use_builder":"on","_et_pb_old_content":"<!-- wp:divi\/placeholder \/-->","_et_gb_content_width":"","footnotes":""},"class_list":["post-251","page","type-page","status-publish","hentry"],"_links":{"self":[{"href":"https:\/\/teziutlan.tecnm.mx\/index.php\/wp-json\/wp\/v2\/pages\/251","targetHints":{"allow":["GET"]}}],"collection":[{"href":"https:\/\/teziutlan.tecnm.mx\/index.php\/wp-json\/wp\/v2\/pages"}],"about":[{"href":"https:\/\/teziutlan.tecnm.mx\/index.php\/wp-json\/wp\/v2\/types\/page"}],"author":[{"embeddable":true,"href":"https:\/\/teziutlan.tecnm.mx\/index.php\/wp-json\/wp\/v2\/users\/1"}],"replies":[{"embeddable":true,"href":"https:\/\/teziutlan.tecnm.mx\/index.php\/wp-json\/wp\/v2\/comments?post=251"}],"version-history":[{"count":39,"href":"https:\/\/teziutlan.tecnm.mx\/index.php\/wp-json\/wp\/v2\/pages\/251\/revisions"}],"predecessor-version":[{"id":6579,"href":"https:\/\/teziutlan.tecnm.mx\/index.php\/wp-json\/wp\/v2\/pages\/251\/revisions\/6579"}],"wp:attachment":[{"href":"https:\/\/teziutlan.tecnm.mx\/index.php\/wp-json\/wp\/v2\/media?parent=251"}],"curies":[{"name":"wp","href":"https:\/\/api.w.org\/{rel}","templated":true}]}}